?
-1b
In base 6, what is -4 + -1250?
-1254
In base 6, what is -1 - -4251?
4250
In base 15, what is 10 - 125?
-115
In base 10, what is 5 - -4946?
4951
In base 13, what is -11 + 251?
240
In base 5, what is 3 - 43002?
-42444
In base 10, what is -36 + -9?
-45
In base 6, what is 1 + -10?
-5
In base 12, what is 5 - 9a?
-95
In base 6, what is -243 + 21?
-222
In base 5, what is -321224 - -1?
-321223
In base 4, what is -323 + 3?
-320
In base 14, what is -1 + -410?
-411
In base 4, what is 11 - -11110?
11121
In base 8, what is 3 - 255?
-252
In base 5, what is 204 + 1?
210
In base 7, what is 513 - 116?
364
In base 2, what is -10 - -10011000?
10010110
In base 12, what is 46 - -5?
4b
In base 3, what is -1020 - -11?
-1002
In base 10, what is -3 + 194?
191
In base 6, what is -4 - -311?
303
In base 10, what is 4 + 179?
183
In base 12, what is 4b83 + -3?
4b80
In base 2, what is 100110110110100 - -10?
100110110110110
In base 3, what is -2 + -112?
-121
In base 5, what is -121 + 31?
-40
In base 14, what is 5 - 6a?
-65
In base 15, what is 38db - 4?
38d7
In base 15, what is 492e + -1?
492d
In base 7, what is 40 + 35?
105
In base 14, what is -1 - -840?
83d
In base 11, what is 8 + -136?
-129
In base 9, what is 0 - 3233?
-3233
In base 7, what is -2 + 2?
0
In base 10, what is -42 - 5?
-47
In base 11, what is 34a + 7?
356
In base 11, what is 4 - 225?
-221
In base 10, what is 0 - -2?
2
In base 4, what is -1112 - -1?
-1111
In base 16, what is 2e0 - 1?
2df
In base 8, what is -3422 - -10?
-3412
In base 10, what is 19 + 0?
19
In base 15, what is 8c - -28?
b5
In base 12, what is -9 - -40b?
402
In base 2, what is -110001 - 101?
-110110
In base 2, what is -101101011110 + -11?
-101101100001
In base 12, what is 18 + 47?
63
In base 9, what is 0 - -2213?
2213
In base 9, what is -7 - 370?
-377
In base 13, what is 0 + -663?
-663
In base 6, what is 3 - 22?
-15
In base 16, what is 2 - 1e4?
-1e2
In base 10, what is 1 - 1731?
-1730
In base 2, what is -110011 - 100101010?
-101011101
In base 16, what is 1 + 53?
54
In base 3, what is 12 - -2?
21
In base 10, what is -21315 - 4?
-21319
In base 2, what is 111000 - -111?
111111
In base 6, what is -1 - 142?
-143
In base 7, what is -1 + -20?
-21
In base 16, what is c - 191?
-185
In base 6, what is -41 - 1312?
-1353
In base 8, what is -211 - 3?
-214
In base 9, what is 102 + 3?
105
In base 3, what is 0 - 12002?
-12002
In base 7, what is 141566 - -5?
141604
In base 13, what is -53 + 3?
-50
In base 12, what is -4 + -a2?
-a6
In base 10, what is -4 + 1923?
1919
In base 9, what is 45 + -62?
-16
In base 4, what is 11313 - 10?
11303
In base 5, what is 30 + 103?
133
In base 8, what is 170 - 1?
167
In base 8, what is 0 - 2506?
-2506
In base 14, what is 13 + 3?
16
In base 14, what is -4 - 106?
-10a
In base 11, what is -749 - -2?
-747
In base 16, what is -28 - -e?
-1a
In base 2, what is 1111111 - -11?
10000010
In base 7, what is -1 + -164?
-165
In base 13, what is 2b - -12b?
159
In base 3, what is -1021200 + -1?
-1021201
In base 3, what is -222 - 2?
-1001
In base 9, what is -38185 - 4?
-38200
In base 13, what is 5 + -b4c?
-b47
In base 4, what is 3 + -21?
-12
In base 7, what is -344 - -2?
-342
In base 6, what is -34 + 5411?
5333
In base 4, what is 21 - 1102?
-1021
In base 10, what is 1361 - -3?
1364
In base 3, what is -2222 - -12?
-2210
In base 12, what is -65 + -9?
-72
In base 3, what is 1 + 1022202?
1022210
In base 8, what is 767 - -1?
770
In base 12, what is 30 - 11?
1b
In base 11, what is 4 - -123?
127
In base 6, what is 5 + -50?
-41
In base 15, what is d - -21?
2e
In base 10, what is -3 - -2326?
2323
In base 2, what is 10111001 + 10?
10111011
In base 2, what is 10100101 - 10?
10100011
In base 5, what is -4 - 13411?
-13420
In base 12, what is -144 - 3?
-147
In base 14, what is -16 - 29?
-41
In base 7, what is -31143 + -2?
-31145
In base 8, what is 5 - 74?
-67
In base 10, what is 5 + 17?
22
In base 7, what is 2 - -3343?
3345
In base 16, what is cca - 1?
cc9
In base 7, what is -1 - -41?
40
In base 14, what is 1 + 7?
8
In base 4, what is 111 + -33311?
-33200
In base 9, what is 1164 + -3?
1161
In base 8, what is 13 - -2724?
2737
In base 9, what is -4 + 1?
-3
In base 12, what is -259 - 7?
-264
In base 8, what is 370 - 15?
353
In base 14, what is 23 - -4?
27
In base 15, what is -6d3 + 2?
-6d1
In base 12, what is 1a26 - -1?
1a27
In base 14, what is 4b - 1?
4a
In base 10, what is -2 + -358?
-360
In base 3, what is -10 - 21021201?
-21021211
In base 12, what is 44 - 49?
-5
In base 4, what is -2 + -2?
-10
In base 7, what is 1 + 2014?
2015
In base 9, what is 2 - -110?
112
In base 6, what is 3 - 24022?
-24015
In base 10, what is -307 + -5?
-312
In base 5, what is 42303 - 0?
42303
In base 13, what is 3c + 1c1?
230
In base 9, what is 1 + 172?
173
In base 6, what is 3420 + 2?
3422
In base 9, what is -331 - -5?
-325
In base 8, what is -5 - 214?
-221
In base 15, what is 10c3 + 5?
10c8
In base 5, what is 4 - -10103?
10112
In base 2, what is -11001100 + 10?
-11001010
In base 8, what is 14 + 21?
35
In base 4, what is 1 - 23321?
-23320
In base 11, what is -1448 + 4?
-1444
In base 11, what is 4751 - -5?
4756
In base 16, what is 2a + 39?
63
In base 6, what is 2 - -2?
4
In base 9, what is -4 + -4?
-8
In base 11, what is 3716 - 4?
3712
In base 14, what is 161bd + -4?
161b9
In base 14, what is 3 + -1cb?
-1c8
In base 3, what is -22 - -222?
200
In base 5, what is 4204 - -1?
4210
In base 7, what is 443 + 2?
445
In base 5, what is 3113122 + -1?
3113121
In base 9, what is 2 - 381?
-378
In base 15, what is 4ee - 4?
4ea
In base 8, what is -237 + 1?
-236
In base 10, what is 459 - 2?
457
In base 3, what is 1112 - -10101?
11220
In base 5, what is 4 + 400?
404
In base 9, what is 20102 + 5?
20107
In base 9, what is 534 - -7?
542
In base 2, what is 1001 + 110110?
111111
In base 6, what is -3 - -313?
310
In base 2, what is -11 + -11001101?
-11010000
In base 11, what is 1a4 + 18?
211
In base 11, what is -60 - -120?
70
In base 8, what is 2534 - 5?
2527
In base 13, what is -2 - 9?
-b
In base 6, what is -10 - -40?
30
In base 4, what is 11 + 23212?
23223
In base 10, what is -128 + 15?
-113
In base 12, what is -3 + -b6?
-b9
In base 12, what is 1 - 1139?
-1138
In base 5, what is 0 + 2132?
2132
In base 5, what is 212 - 4?
203
In base 4, what is 110 + -20?
30
In base 14, what is 13 - 1?
12
In base 2, what is -1011 - -100100111?
100011100
In base 16, what is -5 - -a1?
9c
In base 8, what is -11525 + 2?
-11523
In base 8, what is -7 - -3?
-4
In base 5, what is 31224 - -1?
31230
In base 12, what is 3826 + -2?
3824
In base 15, what is b - -55d?
569
In base 8, what is -3 + -135?
-140
In base 8, what is 1123 - 4?
1117
In base 13, what is -1b - 7b?
-99
In base 12, what is -46 + -1?
-47
In base 3, what is 121102 - -10?
121112
In base 3, what is 2000122 - -2?
2000201
In base 8, what is -12 + 4?
-6
In base 16, what is 10dc - 4?
10d8
In base 3, what is 20011100 - -12?
20011112
In base 3, what is -100111 + -10?
-100121
In base 5, what is 104331 + -3?
104323
In base 16, what is 855 + 2?
857
In base 10, what is 113 - -177?
290
In base 4, what is 1 - -30123?
30130
In base 12, what is 10 + 1b?
2b
In base 11, what is 1 - -665?
666
In base 5, what is -10 - 34012?
-34022
In base 9, what is 77 - 0?
77
In base 9, what is 1 - 28?
-27
In base 11, what is -1 - -24?
23
In base 5, what is -1111 + 2?
-1104
In base 12, what is 3 + 511b?
5122
In base 12, what is -1034 - 5?
-1039
In base 12, what is 4 - 44?
-40
In base 12, what is 17 - -23?
3a
In base 7, what is -4244 - 4?
-4251
In base 13, what is 62c - -a?
639
In base 6, what is -330 - 15?
-345
In base 11, what is -151 + 0?
-151
In base 6, what is 441 - 4?
433
In base 14, what is 1b2 + -1?
1b1
In base 6, what is -11 - -33?
22
In base 8, what is 523 - -2?
525
In base 16, what is -13 - -2c?
19
In base 15, what is -9da5 + -2?
-9da7
In base 11, what is -5 - 364?
-369
In base 15, what is -37 - -6?
-31
In base 10, what is -328 - 5?
-333
In base 7, what is 22 - -16?
41
In base 11, what is -197 - 5?
-1a1
In base 10, what is 724 - 5?
719
In base 3, what is 2202 + -11?
2121
In base 14, what is 2 - 2b?
-29
In base 14, what is 12 + -9?
7
In base 16, what is 4 + 12?
16
In base 11, what is -2 + -5704?
-5706
In base 12, what is 4 + 1bb?
203
In base 16, what is -64 - 3?
-67
In base 5, what is -3 